t is the remainder when 387 is divided by 364?
23
What is the remainder when 73 is divided by 14?
3
What is the remainder when 2235 is divided by 275?
35
Calculate the remainder when 76 is divided by 6.
4
What is the remainder when 7215 is divided by 267?
6
What is the remainder when 132 is divided by 38?
18
Calculate the remainder when 245 is divided by 13.
11
Calculate the remainder when 89 is divided by 45.
44
Calculate the remainder when 263 is divided by 45.
38
What is the remainder when 140 is divided by 75?
65
What is the remainder when 190 is divided by 12?
10
Calculate the remainder when 112 is divided by 38.
36
Calculate the remainder when 2971 is divided by 12.
7
What is the remainder when 46 is divided by 12?
10
What is the remainder when 112 is divided by 24?
16
What is the remainder when 1124 is divided by 25?
24
What is the remainder when 7619 is divided by 195?
14
Calculate the remainder when 109 is divided by 19.
14
Calculate the remainder when 42 is divided by 26.
16
Calculate the remainder when 976 is divided by 49.
45
What is the remainder when 458 is divided by 73?
20
What is the remainder when 1250 is divided by 31?
10
Calculate the remainder when 501 is divided by 14.
11
What is the remainder when 449 is divided by 90?
89
What is the remainder when 2543 is divided by 52?
47
What is the remainder when 46 is divided by 46?
0
Calculate the remainder when 5310 is divided by 2652.
6
What is the remainder when 523 is divided by 35?
33
Calculate the remainder when 146 is divided by 39.
29
What is the remainder when 1057 is divided by 20?
17
Calculate the remainder when 160 is divided by 44.
28
What is the remainder when 267 is divided by 27?
24
What is the remainder when 227 is divided by 46?
43
What is the remainder when 387 is divided by 119?
30
Calculate the remainder when 155 is divided by 71.
13
What is the remainder when 9152 is divided by 113?
112
Calculate the remainder when 74 is divided by 63.
11
What is the remainder when 2372 is divided by 33?
29
Calculate the remainder when 225 is divided by 76.
73
Calculate the remainder when 249 is divided by 82.
3
Calculate the remainder when 114 is divided by 28.
2
Calculate the remainder when 1753 is divided by 176.
169
Calculate the remainder when 135 is divided by 29.
19
What is the remainder when 375 is divided by 191?
184
What is the remainder when 1209 is divided by 388?
45
What is the remainder when 37 is divided by 17?
3
Calculate the remainder when 6559 is divided by 205.
204
What is the remainder when 54 is divided by 12?
6
Calculate the remainder when 3423 is divided by 585.
498
What is the remainder when 367 is divided by 81?
43
What is the remainder when 50 is divided by 16?
2
Calculate the remainder when 718 is divided by 12.
10
Calculate the remainder when 1071 is divided by 132.
15
Calculate the remainder when 35 is divided by 21.
14
What is the remainder when 417 is divided by 70?
67
Calculate the remainder when 74 is divided by 26.
22
Calculate the remainder when 8754 is divided by 22.
20
Calculate the remainder when 636 is divided by 32.
28
What is the remainder when 167 is divided by 5?
2
What is the remainder when 1088 is divided by 13?
9
Calculate the remainder when 2831 is divided by 217.
10
What is the remainder when 7423 is divided by 323?
317
What is the remainder when 760 is divided by 106?
18
What is the remainder when 107 is divided by 40?
27
What is the remainder when 2196 is divided by 116?
108
Calculate the remainder when 321 is divided by 21.
6
Calculate the remainder when 90 is divided by 70.
20
Calculate the remainder when 722 is divided by 40.
2
Calculate the remainder when 1012 is divided by 332.
16
Calculate the remainder when 560 is divided by 6.
2
Calculate the remainder when 408 is divided by 61.
42
What is the remainder when 16662 is divided by 33?
30
What is the remainder when 705 is divided by 72?
57
Calculate the remainder when 166 is divided by 92.
74
Calculate the remainder when 3713 is divided by 1229.
26
What is the remainder when 8364 is divided by 10?
4
Calculate the remainder when 61 is divided by 29.
3
What is the remainder when 66 is divided by 64?
2
What is the remainder when 1171 is divided by 51?
49
What is the remainder when 75 is divided by 70?
5
What is the remainder when 2470 is divided by 112?
6
Calculate the remainder when 1343 is divided by 28.
27
Calculate the remainder when 1086 is divided by 68.
66
Calculate the remainder when 39 is divided by 8.
7
What is the remainder when 1047 is divided by 149?
4
Calculate the remainder when 1491 is divided by 100.
91
Calculate the remainder when 552 is divided by 80.
72
Calculate the remainder when 181 is divided by 13.
12
Calculate the remainder when 1235 is divided by 123.
5
What is the remainder when 14947 is divided by 33?
31
Calculate the remainder when 682 is divided by 336.
10
Calculate the remainder when 451 is divided by 90.
1
Calculate the remainder when 539 is divided by 45.
44
What is the remainder when 718 is divided by 45?
43
Calculate the remainder when 167 is divided by 41.
3
Calculate the remainder when 792 is divided by 25.
17
Calculate the remainder when 5391 is divided by 337.
336
What is the remainder when 169 is divided by 104?
65
Calculate the remainder when 4375 is divided by 73.
68
What is the remainder when 82 is divided by 43?
39
Calculate the remainder when 194 is divided by 28.
26
What is the remainder when 1601 is divided by 18?
17
Calculate the remainder when 487 is divided by 31.
22
Calculate the remainder when 189 is divided by 12.
9
What is the remainder when 1096 is divided by 65?
56
What is the remainder when 101 is divided by 85?
16
Calculate the remainder when 1267 is divided by 214.
197
What is the remainder when 700 is divided by 94?
42
What is the remainder when 1057 is divided by 97?
87
Calculate the remainder when 1475 is divided by 4.
3
Calculate the remainder when 3195 is divided by 20.
15
Calculate the remainder when 6520 is divided by 3258.
4
What is the remainder when 62 is divided by 19?
5
What is the remainder when 279 is divided by 79?
42
What is the remainder when 177 is divided by 94?
83
Calculate the remainder when 409 is divided by 85.
69
Calculate the remainder when 126 is divided by 49.
28
Calculate the remainder when 902 is divided by 13.
5
Calculate the remainder when 106 is divided by 37.
32
What is the remainder when 1887 is divided by 226?
79
What is the remainder when 174 is divided by 21?
6
What is the remainder when 88 is divided by 30?
28
What is the remainder when 41 is divided by 6?
5
What is the remainder when 249 is divided by 17?
11
Calculate the remainder when 1582 is divided by 523.
13
What is the remainder when 14 is divided by 7?
0
What is the remainder when 151 is divided by 32?
23
Calculate the remainder when 106 is divided by 38.
30
What is the remainder when 177 is divided by 9?
6
What is the remainder when 26739 is divided by 13?
11
What is the remainder when 103 is divided by 28?
19
Calculate the remainder when 375 is divided by 42.
39
What is the remainder when 47 is divided by 11?
3
What is the remainder when 11079 is divided by 40?
39
What is the remainder when 257 is divided by 10?
7
Calculate the remainder when 569 is divided by 83.
71
Calculate the remainder when 109 is divided by 19.
14
Calculate the remainder when 1294 is divided by 108.
106
Calculate the remainder when 115 is divided by 2.
1
Calculate the remainder when 928 is divided by 36.
28
What is the remainder when 452 is divided by 127?
71
What is the remainder when 218 is divided by 11?
9
What is the remainder when 3819 is divided by 9?
3
Calculate the remainder when 1735 is divided by 45.
25
Calculate the remainder when 1883 is divided by 13.
11
Calculate the remainder when 421 is divided by 7.
1
What is the remainder when 5021 is divided by 81?
80
What is the remainder when 265 is divided by 62?
17
What is the remainder when 86 is divided by 11?
9
Calculate the remainder when 243 is divided by 35.
33
What is the remainder when 1718 is divided by 172?
170
Calculate the remainder when 5105 is divided by 15.
5
Calculate the remainder when 135 is divided by 10.
5
What is the remainder when 14686 is divided by 204?
202
Calcul